{"id":70,"date":"2017-09-04T12:40:16","date_gmt":"2017-09-04T10:40:16","guid":{"rendered":"https:\/\/biuro-plus.pl\/oferta\/?page_id=70"},"modified":"2025-07-31T10:10:42","modified_gmt":"2025-07-31T08:10:42","slug":"oferta","status":"publish","type":"page","link":"https:\/\/biuro-plus.pl\/oferta\/","title":{"rendered":"Oferta"},"content":{"rendered":"<section class=\"l-section wpb_row height_small color_alternate\"><div class=\"l-section-h i-cf\"><div class=\"g-cols vc_row via_flex valign_top type_default stacking_default\"><div class=\"vc_col-sm-12 wpb_column vc_column_container has_text_color\"><div class=\"vc_column-inner us_custom_6df4bc3a\"><div class=\"wpb_wrapper\"><div class=\"wpb_text_column us_custom_b3ce43a6 has_text_color\"><div class=\"wpb_wrapper\"><h1>Oferta Biura Rachunkowego PLUS<\/h1>\n<\/div><\/div><\/div><\/div><\/div><\/div><\/div><\/section><section class=\"l-section wpb_row height_medium\"><div class=\"l-section-h i-cf\"><div class=\"g-cols vc_row via_flex valign_top type_default stacking_default\"><div class=\"vc_col-sm-12 wpb_column vc_column_container\"><div class=\"vc_column-inner\"><div class=\"wpb_wrapper\"><div class=\"w-grid type_grid layout_2115 cols_3 pagination_regular overflow_hidden\" id=\"us_grid_1\" style=\"--columns:3;--gap:1rem;\" data-filterable=\"true\"><style>@media (max-width:1024px){#us_grid_1{--columns:2!important}}@media (max-width:600px){#us_grid_1{--columns:1!important}}.layout_2115 .w-grid-item-h{background:var(--color-content-bg);color:var(--color-content-text);border-radius:1rem;box-shadow:0 0.1rem 0.2rem rgba(0,0,0,0.1),0 0.33rem 1rem rgba(0,0,0,0.1);transition-duration:0.3s}.no-touch .layout_2115 .w-grid-item-h:hover{box-shadow:0 0.15rem 0.3rem rgba(0,0,0,0.1),0 0.5rem 1.5rem rgba(0,0,0,0.15);z-index:4}.layout_2115 .usg_vwrapper_1{color:var(--color-header-middle-bg)!important;height:100%!important;background:rgb(31,41,55)!important}.layout_2115 .usg_post_title_1{text-align:center!important;font-size:1.6rem!important;font-weight:600!important;text-transform:uppercase!important;padding:1.4rem 1.6rem 1.4rem 1.6rem!important}@media (min-width:1025px) and (max-width:1380px){.layout_2115 .usg_post_title_1{padding:1rem 1.5rem 1rem 1.5rem!important}}@media (min-width:601px) and (max-width:1024px){.layout_2115 .usg_post_title_1{padding:1rem!important}}@media (max-width:600px){.layout_2115 .usg_post_title_1{padding:1rem .5rem 1rem .5rem!important}}<\/style><div class=\"w-grid-list\">\t<article class=\"w-grid-item size_1x1 post-3537 post type-post status-publish format-standard has-post-thumbnail hentry category-news\" data-id=\"3537\">\r\n\t\t<div class=\"w-grid-item-h\">\r\n\t\t\t\t\t\t<div class=\"w-vwrapper usg_vwrapper_1 has_text_color align_center valign_middle\" style=\"--vwrapper-gap:0px\"><h2 class=\"w-post-elm post_title usg_post_title_1 align_center entry-title color_link_inherit\"><a href=\"https:\/\/biuro-plus.pl\/oferta\/biuro-rachunkowe-szczecin\/\">Biuro rachunkowe Szczecin<\/a><\/h2><\/div>\t\t<\/div>\r\n\t\t\t<\/article>\r\n\t<article class=\"w-grid-item size_1x1 post-3529 post type-post status-publish format-standard has-post-thumbnail hentry category-news\" data-id=\"3529\">\r\n\t\t<div class=\"w-grid-item-h\">\r\n\t\t\t\t\t\t<div class=\"w-vwrapper usg_vwrapper_1 has_text_color align_center valign_middle\" style=\"--vwrapper-gap:0px\"><h2 class=\"w-post-elm post_title usg_post_title_1 align_center entry-title color_link_inherit\"><a href=\"https:\/\/biuro-plus.pl\/oferta\/rozliczenia-podatkowe-bezrzecze\/\">Rozliczenia podatkowe Bezrzecze<\/a><\/h2><\/div>\t\t<\/div>\r\n\t\t\t<\/article>\r\n\t<article class=\"w-grid-item size_1x1 post-3523 post type-post status-publish format-standard has-post-thumbnail hentry category-news\" data-id=\"3523\">\r\n\t\t<div class=\"w-grid-item-h\">\r\n\t\t\t\t\t\t<div class=\"w-vwrapper usg_vwrapper_1 has_text_color align_center valign_middle\" style=\"--vwrapper-gap:0px\"><h2 class=\"w-post-elm post_title usg_post_title_1 align_center entry-title color_link_inherit\"><a href=\"https:\/\/biuro-plus.pl\/oferta\/kadry-i-place-bezrzecze\/\">Kadry i p\u0142ace Bezrzecze<\/a><\/h2><\/div>\t\t<\/div>\r\n\t\t\t<\/article>\r\n\t<article class=\"w-grid-item size_1x1 post-3521 post type-post status-publish format-standard has-post-thumbnail hentry category-news\" data-id=\"3521\">\r\n\t\t<div class=\"w-grid-item-h\">\r\n\t\t\t\t\t\t<div class=\"w-vwrapper usg_vwrapper_1 has_text_color align_center valign_middle\" style=\"--vwrapper-gap:0px\"><h2 class=\"w-post-elm post_title usg_post_title_1 align_center entry-title color_link_inherit\"><a href=\"https:\/\/biuro-plus.pl\/oferta\/ksiegi-przychodow-i-rozchodow-bezrzecze\/\">Ksi\u0119gi przychod\u00f3w i rozchod\u00f3w Bezrzecze<\/a><\/h2><\/div>\t\t<\/div>\r\n\t\t\t<\/article>\r\n\t<article class=\"w-grid-item size_1x1 post-3516 post type-post status-publish format-standard has-post-thumbnail hentry category-news\" data-id=\"3516\">\r\n\t\t<div class=\"w-grid-item-h\">\r\n\t\t\t\t\t\t<div class=\"w-vwrapper usg_vwrapper_1 has_text_color align_center valign_middle\" style=\"--vwrapper-gap:0px\"><h2 class=\"w-post-elm post_title usg_post_title_1 align_center entry-title color_link_inherit\"><a href=\"https:\/\/biuro-plus.pl\/oferta\/pelna-ksiegowosc-bezrzecze\/\">Pe\u0142na ksi\u0119gowo\u015b\u0107 Bezrzecze<\/a><\/h2><\/div>\t\t<\/div>\r\n\t\t\t<\/article>\r\n\t<article class=\"w-grid-item size_1x1 post-3514 post type-post status-publish format-standard has-post-thumbnail hentry category-news\" data-id=\"3514\">\r\n\t\t<div class=\"w-grid-item-h\">\r\n\t\t\t\t\t\t<div class=\"w-vwrapper usg_vwrapper_1 has_text_color align_center valign_middle\" style=\"--vwrapper-gap:0px\"><h2 class=\"w-post-elm post_title usg_post_title_1 align_center entry-title color_link_inherit\"><a href=\"https:\/\/biuro-plus.pl\/oferta\/ksiegowosc-dla-firm-bezrzecze\/\">Ksi\u0119gowo\u015b\u0107 dla firm Bezrzecze<\/a><\/h2><\/div>\t\t<\/div>\r\n\t\t\t<\/article>\r\n\t<article class=\"w-grid-item size_1x1 post-3511 post type-post status-publish format-standard has-post-thumbnail hentry category-news\" data-id=\"3511\">\r\n\t\t<div class=\"w-grid-item-h\">\r\n\t\t\t\t\t\t<div class=\"w-vwrapper usg_vwrapper_1 has_text_color align_center valign_middle\" style=\"--vwrapper-gap:0px\"><h2 class=\"w-post-elm post_title usg_post_title_1 align_center entry-title color_link_inherit\"><a href=\"https:\/\/biuro-plus.pl\/oferta\/uslugi-ksiegowe-bezrzecze\/\">Us\u0142ugi ksi\u0119gowe Bezrzecze<\/a><\/h2><\/div>\t\t<\/div>\r\n\t\t\t<\/article>\r\n\t<article class=\"w-grid-item size_1x1 post-3507 post type-post status-publish format-standard has-post-thumbnail hentry category-news\" data-id=\"3507\">\r\n\t\t<div class=\"w-grid-item-h\">\r\n\t\t\t\t\t\t<div class=\"w-vwrapper usg_vwrapper_1 has_text_color align_center valign_middle\" style=\"--vwrapper-gap:0px\"><h2 class=\"w-post-elm post_title usg_post_title_1 align_center entry-title color_link_inherit\"><a href=\"https:\/\/biuro-plus.pl\/oferta\/biuro-rachunkowe-bezrzecze\/\">Biuro rachunkowe Bezrzecze<\/a><\/h2><\/div>\t\t<\/div>\r\n\t\t\t<\/article>\r\n<\/div><div class=\"w-grid-preloader\">\t<div class=\"g-preloader type_1\">\r\n\t\t<div><\/div>\r\n\t<\/div>\r\n\t<\/div>\t<div class=\"w-grid-json hidden\" onclick='return {&quot;action&quot;:&quot;us_ajax_grid&quot;,&quot;infinite_scroll&quot;:0,&quot;max_num_pages&quot;:1,&quot;pagination&quot;:&quot;regular&quot;,&quot;template_vars&quot;:{&quot;columns&quot;:&quot;3&quot;,&quot;exclude_items&quot;:&quot;none&quot;,&quot;img_size&quot;:&quot;default&quot;,&quot;ignore_items_size&quot;:0,&quot;items_layout&quot;:&quot;2115&quot;,&quot;items_offset&quot;:&quot;1&quot;,&quot;load_animation&quot;:&quot;none&quot;,&quot;overriding_link&quot;:&quot;%7B%22url%22%3A%22%22%7D&quot;,&quot;post_id&quot;:0,&quot;query_args&quot;:{&quot;post_type&quot;:[&quot;post&quot;],&quot;tax_query&quot;:[{&quot;taxonomy&quot;:&quot;category&quot;,&quot;field&quot;:&quot;slug&quot;,&quot;terms&quot;:[&quot;news&quot;]}],&quot;post_status&quot;:[&quot;publish&quot;,&quot;acf-disabled&quot;],&quot;posts_per_page&quot;:&quot;999&quot;},&quot;orderby_query_args&quot;:{&quot;orderby&quot;:{&quot;date&quot;:&quot;DESC&quot;}},&quot;type&quot;:&quot;grid&quot;,&quot;us_grid_post_type&quot;:&quot;post&quot;,&quot;us_grid_ajax_index&quot;:1,&quot;us_grid_filter_query_string&quot;:null,&quot;us_grid_index&quot;:1,&quot;page_args&quot;:[]}}'><\/div>\r\n\t<\/div><\/div><\/div><\/div><\/div><\/div><\/section>\n","protected":false},"excerpt":{"rendered":"Jak wybra\u0107 biuro rachunkowe dla swojej firmy? W\u0142a\u015bciciele ma\u0142ych i \u015brednich przedsi\u0119biorstw staj\u0105 przed wyzwaniem wyboru odpowiedniego biura rachunkowego, kt\u00f3re zapewni kompleksow\u0105 obs\u0142ug\u0119 ksi\u0119gow\u0105 i podatkow\u0105. Ostateczny wyb\u00f3r mo\u017ce mie\u0107 kluczowy wp\u0142yw na kondycj\u0119 finansow\u0105 firmy oraz jej rozw\u00f3j. Dlatego te\u017c warto zwr\u00f3ci\u0107 uwag\u0119 na kilka istotnych aspekt\u00f3w, kt\u00f3re pomog\u0105 w podj\u0119ciu w\u0142a\u015bciwej decyzji. W...","protected":false},"author":1,"featured_media":0,"parent":0,"menu_order":0,"comment_status":"closed","ping_status":"closed","template":"","meta":{"footnotes":""},"class_list":["post-70","page","type-page","status-publish","hentry"],"yoast_head":"<!-- This site is optimized with the Yoast SEO plugin v27.4 - https:\/\/yoast.com\/product\/yoast-seo-wordpress\/ -->\n<title>Oferta Biura Rachunkowego PLUS<\/title>\n<meta name=\"robots\" content=\"index, follow, max-snippet:-1, max-image-preview:large, max-video-preview:-1\" \/>\n<link rel=\"canonical\" href=\"https:\/\/biuro-plus.pl\/oferta\/\" \/>\n<meta name=\"twitter:label1\" content=\"Szacowany czas czytania\" \/>\n\t<meta name=\"twitter:data1\" content=\"1 minuta\" \/>\n<script type=\"application\/ld+json\" class=\"yoast-schema-graph\">{\"@context\":\"https:\\\/\\\/schema.org\",\"@graph\":[{\"@type\":\"WebPage\",\"@id\":\"https:\\\/\\\/biuro-plus.pl\\\/oferta\\\/\",\"url\":\"https:\\\/\\\/biuro-plus.pl\\\/oferta\\\/\",\"name\":\"Oferta Biura Rachunkowego PLUS\",\"isPartOf\":{\"@id\":\"https:\\\/\\\/biuro-plus.pl\\\/oferta\\\/#website\"},\"datePublished\":\"2017-09-04T10:40:16+00:00\",\"dateModified\":\"2025-07-31T08:10:42+00:00\",\"breadcrumb\":{\"@id\":\"https:\\\/\\\/biuro-plus.pl\\\/oferta\\\/#breadcrumb\"},\"inLanguage\":\"pl-PL\",\"potentialAction\":[{\"@type\":\"ReadAction\",\"target\":[\"https:\\\/\\\/biuro-plus.pl\\\/oferta\\\/\"]}]},{\"@type\":\"BreadcrumbList\",\"@id\":\"https:\\\/\\\/biuro-plus.pl\\\/oferta\\\/#breadcrumb\",\"itemListElement\":[{\"@type\":\"ListItem\",\"position\":1,\"name\":\"Strona g\u0142\u00f3wna\",\"item\":\"https:\\\/\\\/biuro-plus.pl\\\/oferta\\\/\"},{\"@type\":\"ListItem\",\"position\":2,\"name\":\"Oferta\"}]},{\"@type\":\"WebSite\",\"@id\":\"https:\\\/\\\/biuro-plus.pl\\\/oferta\\\/#website\",\"url\":\"https:\\\/\\\/biuro-plus.pl\\\/oferta\\\/\",\"name\":\"Biuro Rachunkowe PLUS\",\"description\":\"\",\"potentialAction\":[{\"@type\":\"SearchAction\",\"target\":{\"@type\":\"EntryPoint\",\"urlTemplate\":\"https:\\\/\\\/biuro-plus.pl\\\/oferta\\\/?s={search_term_string}\"},\"query-input\":{\"@type\":\"PropertyValueSpecification\",\"valueRequired\":true,\"valueName\":\"search_term_string\"}}],\"inLanguage\":\"pl-PL\"}]}<\/script>\n<!-- \/ Yoast SEO plugin. -->","yoast_head_json":{"title":"Oferta Biura Rachunkowego PLUS","robots":{"index":"index","follow":"follow","max-snippet":"max-snippet:-1","max-image-preview":"max-image-preview:large","max-video-preview":"max-video-preview:-1"},"canonical":"https:\/\/biuro-plus.pl\/oferta\/","twitter_misc":{"Szacowany czas czytania":"1 minuta"},"schema":{"@context":"https:\/\/schema.org","@graph":[{"@type":"WebPage","@id":"https:\/\/biuro-plus.pl\/oferta\/","url":"https:\/\/biuro-plus.pl\/oferta\/","name":"Oferta Biura Rachunkowego PLUS","isPartOf":{"@id":"https:\/\/biuro-plus.pl\/oferta\/#website"},"datePublished":"2017-09-04T10:40:16+00:00","dateModified":"2025-07-31T08:10:42+00:00","breadcrumb":{"@id":"https:\/\/biuro-plus.pl\/oferta\/#breadcrumb"},"inLanguage":"pl-PL","potentialAction":[{"@type":"ReadAction","target":["https:\/\/biuro-plus.pl\/oferta\/"]}]},{"@type":"BreadcrumbList","@id":"https:\/\/biuro-plus.pl\/oferta\/#breadcrumb","itemListElement":[{"@type":"ListItem","position":1,"name":"Strona g\u0142\u00f3wna","item":"https:\/\/biuro-plus.pl\/oferta\/"},{"@type":"ListItem","position":2,"name":"Oferta"}]},{"@type":"WebSite","@id":"https:\/\/biuro-plus.pl\/oferta\/#website","url":"https:\/\/biuro-plus.pl\/oferta\/","name":"Biuro Rachunkowe PLUS","description":"","potentialAction":[{"@type":"SearchAction","target":{"@type":"EntryPoint","urlTemplate":"https:\/\/biuro-plus.pl\/oferta\/?s={search_term_string}"},"query-input":{"@type":"PropertyValueSpecification","valueRequired":true,"valueName":"search_term_string"}}],"inLanguage":"pl-PL"}]}},"_links":{"self":[{"href":"https:\/\/biuro-plus.pl\/oferta\/wp-json\/wp\/v2\/pages\/70","targetHints":{"allow":["GET"]}}],"collection":[{"href":"https:\/\/biuro-plus.pl\/oferta\/wp-json\/wp\/v2\/pages"}],"about":[{"href":"https:\/\/biuro-plus.pl\/oferta\/wp-json\/wp\/v2\/types\/page"}],"author":[{"embeddable":true,"href":"https:\/\/biuro-plus.pl\/oferta\/wp-json\/wp\/v2\/users\/1"}],"replies":[{"embeddable":true,"href":"https:\/\/biuro-plus.pl\/oferta\/wp-json\/wp\/v2\/comments?post=70"}],"version-history":[{"count":64,"href":"https:\/\/biuro-plus.pl\/oferta\/wp-json\/wp\/v2\/pages\/70\/revisions"}],"predecessor-version":[{"id":3502,"href":"https:\/\/biuro-plus.pl\/oferta\/wp-json\/wp\/v2\/pages\/70\/revisions\/3502"}],"wp:attachment":[{"href":"https:\/\/biuro-plus.pl\/oferta\/wp-json\/wp\/v2\/media?parent=70"}],"curies":[{"name":"wp","href":"https:\/\/api.w.org\/{rel}","templated":true}]}}